)). Suppose -16 = q*h + 16. Let o(c) = c**3 + 9*c**2 + 8*c + 10. List the prime factors of o(h).
2, 5
Let s(f) = 2*f + 7. Let g be s(-6). Let t(n) = n**2 + 5*n + 3. Let h be t(g). Suppose -i + h = 1. What are the prime factors of i?
2
Let g = 353 - 149. What are the prime factors of g?
2, 3, 17
Suppose -6 = 2*s - 5*s. Suppose -3*q = -0*f + s*f - 108, -180 = -5*q + f. What are the prime factors of q?
2, 3
Let q be (1 + (-6)/15)*5. Suppose -4*b - q*c + 44 = 8, 0 = -3*b - c + 32. List the prime factors of b.
2, 3
Let j(p) = -p**3 - 3*p**2 - 4*p - 3. Let c be j(-3). Let l = 11 - c. What are the prime factors of 13 + (l - 5 - -3)?
13
Suppose 2*c + 1 = 5. Suppose -39 = -z - 5*i, -2*z + 156 = 2*z - c*i. What are the prime factors of z?
3, 13
Let v(z) = z**3 + 7*z**2 + 3*z + 6. List the prime factors of v(-6).
2, 3
Let s = -117 - -169. What are the prime factors of s?
2, 13
Let w(i) = i**2 + 15*i + 7. List the prime factors of w(-16).
23
Suppose n + 0*n = 0. What are the prime factors of (-13)/(-1) + n + 1?
2, 7
Suppose -3*a = -5*x - 65, -5*a + 95 = -2*a + x. What are the prime factors of a?
2, 3, 5
Suppose -10*k = 27 - 247. What are the prime factors of k?
2, 11
Let n(b) be the first derivative of -3*b**2/2 - 5*b + 6. List the prime factors of n(-6).
13
Let d be 1 + -3*1*1. List the prime factors of d*(-1)/(0 + 1).
2
Suppose -5*c = -4*c + 2*q - 5, -5*q + 2 = c. Suppose -c = s + 4*v, -2*s = 5*v - 0 + 5. List the prime factors of s.
5
Let n(b) = 7*b - 2. Suppose 2*j + 5*l - 17 = 0, -19 = -0*j - 4*j - 5*l. What are the prime factors of n(j)?
5
Suppose -3*w - 10*w = -1807. What are the prime factors of w?
139
Suppose 45 = -0*q - 5*q. Let z be q/6*-1*2. Suppose 0 = -r - 5 + 3, z*r = -3*m + 57. What are the prime factors of m?
3, 7
Suppose 2*m + 5 - 21 = 0. What are the prime factors of m?
2
Let k(q) = -q**3 + 6*q**2 + 7*q + 17. What are the prime factors of k(7)?
17
Let t(m) = -3*m - 1. Let c be t(1). Let g = c - -6. Suppose g*s + 4*x - 28 = 0, 5*x = -s + 38 - 12. What are the prime factors of s?
2, 3
Let c(d) be the first derivative of -d**3/3 - 7*d**2/2 - 3*d + 3. List the prime factors of c(-6).
3
Let b(a) = 0 - a**2 + 1 - 5 + 6*a. List the prime factors of b(4).
2
Suppose 0*z - 2*z = 3*j - 13, 1 = -z + j. Suppose -3*c + 97 + 8 = -y, -z*c - 5*y = -70. Suppose -2*u + c = 3*u. What are the prime factors of u?
7
What are the prime factors of (-2322)/(-10) + -3 + 1/(-5)?
229
Let z = 48 - 13. List the prime factors of z.
5, 7
Suppose -4*r = -r - 72. What are the prime factors of r?
2, 3
Suppose 28 = 3*u - 11. List the prime factors of u.
13
Suppose 2*w - 9 + 1 = 0. Let i be (-6)/w + (-162)/(-4). Suppose -2*d + 5*d = i. List the prime factors of d.
13
Let f(t) = t + 16. Let r be f(-12). Let n(p) = -p + 8. Let q be n(0). Suppose -4*i + 17 = 5*m - r, -3*i + 4*m = -q. List the prime factors of i.
2
Let c(d) = d**3 - 6*d**2. Let z be c(6). Suppose -4*f + 9 + 7 = z. Let g = f - 1. List the prime factors of g.
3
Suppose 114 = 12*n - 11*n. What are the prime factors of n?
2, 3, 19
Let n(h) = -15*h - 4. What are the prime factors of n(-2)?
2, 13
Let p = 12 + -7. Suppose p*i - 4*x = 73, -6*x + x - 36 = -2*i. List the prime factors of i.
13
Let y = 0 - -3. Suppose -y*u = 9, 2*u = c - 2*u - 9. List the prime factors of (c + (-6)/(-3))*-9.
3
Suppose -n = f - 5*n + 13, -2*f = 2*n + 76. List the prime factors of 3/12 + f/(-12).
3
Suppose -5*n = -3*n + 28. Let g(d) = d**2 + 13*d - 4. List the prime factors of g(n).
2, 5
Let q(g) = g + 6. Let u be q(-6). Suppose -2*p + 5*f + 8 = u, 1 + 3 = p + 5*f. Suppose -n + 7 + 7 = 3*b, -p*b = -2*n - 2. List the prime factors of n.
5
Suppose i - 4*i = 0. Suppose -j + 28 + 16 = i. Suppose 0 = 3*s - j - 4. What are the prime factors of s?
2
Let g(w) = 2*w**2 + 13*w + 19. What are the prime factors of g(-8)?
43
Suppose 5*s = -0*s. Suppose s*g - 2*y = 4*g - 162, -g = -4*y - 45. Let z = g + -22. List the prime factors of z.
19
Suppose 3*y = 45 + 45. List the prime factors of y.
2, 3, 5
Let f(m) = -m**3 + 2*m**2 - 6*m - 4. Let g be f(-4). Suppose -g = -4*v - 28. Let u = -12 + v. List the prime factors of u.
2, 5
Let p = -13 - -18. What are the prime factors of p?
5
Suppose -58*w = -65*w + 2877. What are the prime factors of w?
3, 137
Suppose -m = 4*m - 95. What are the prime factors of m?
19
Let c(i) = i**3 + 24*i**2 - 37*i - 35. List the prime factors of c(-25).
5, 53
Suppose -3*a + 1 = -u, 7*u = a + 3*u + 18. Suppose -a = 2*z - 66. List the prime factors of z.
2
Suppose 4*i + 0*x - 1 = -x, 5*i + 4*x = 15. List the prime factors of (-1 + -1)*i*8.
2
Let t = -18 - -31. What are the prime factors of t?
13
Suppose 0 = 2*t - t + 9. Let v = t + -11. Let c = v - -30. List the prime factors of c.
2, 5
Let h be (1*-8)/((-2)/3). Suppose 9*t = 4*t + 10. Suppose -t*v + v + h = 0. List the prime factors of v.
2, 3
Let d(x) = 10*x**2 - 3*x - 1. Let o be d(-2). Suppose -o = -i - 2*i. List the prime factors of i.
3, 5
Let l be (32/(-5))/(4/(-40)). Suppose -6*x + 122 + l = 0. List the prime factors of x.
31
Suppose -3*v = 3*l - 501, 0*l - 4*l - 3*v = -670. List the prime factors of l.
13
Let y = 167 - 103. List the prime factors of (3 + y/(-4))*-2.
2, 13
Let b be (2/6)/(5/15). Let m = b - -3. Suppose 0 = h - m - 2. List the prime factors of h.
2, 3
Suppose -o = 3*a - 89 - 44, 4*o = 3*a - 143. What are the prime factors of a?
3, 5
Let c be 2/(-8) - 9/(-4). Suppose 0 = 23*u - 26*u + 15. List the prime factors of 26/c + u + -2.
2
Suppose -5*o = -15, -4*h - 3*o = -4*o - 137. What are the prime factors of h?
5, 7
Suppose 5*i - 509 = -2*t - 31, 5*i - 476 = -4*t. What are the prime factors of i?
2, 3
Suppose -7 = -5*t + 978. What are the prime factors of t?
197
Suppose 0 = -4*l + 26 + 98. List the prime factors of l.
31
Let p(z) = -z + 2. Let r be p(-5). Let i(q) = q**2 - 6*q + 3. Let g be i(r). Let d = -1 + g. List the prime factors of d.
3
Let p = -6 + 13. Let s = p + -3. What are the prime factors of s?
2
Suppose 2*l - 5 = 5*d + 85, 45 = l + 2*d. What are the prime factors of l?
3, 5
Suppose -5*o = -2*o - 69. What are the prime factors of o?
23
Let f(y) = 4*y**2 - 2*y - 4. List the prime factors of f(-2).
2
Suppose -3*w + 81 = 4*p, 8*w - 3*w - 135 = -4*p. What are the prime factors of w?
3
Let h(i) = i**2 - 2*i**2 + 8*i + 2*i - 1. List the prime factors of h(4).
23
Let g be (54/(-10))/(4/(-20)). Suppose 3*k - 33 = 5*n - 0*n, -3*k + 3*n = -g. List the prime factors of k.
2, 3
Suppose -119 = 14*v - 833. What are the prime factors of v?
3, 17
Let n(c) = 23*c - 96. What are the prime factors of n(9)?
3, 37
Suppose -21*f = -12*f - 3861. List the prime factors of f.
3, 11, 13
Let r = 5 - 1. Suppose -3*g + 13 - r = 0. What are the prime factors of g?
3
Suppose 0 = -4*r + 7*b - 2*b + 92, 4*b + 16 = 0. Let j = 3 - 11. Let p = j + r. List the prime factors of p.
2, 5
Let j be (-284)/(-6) + (-4)/(-6). Suppose 8*d - j = 4*d. Suppose 4*a + 4*y = 3*a + d, 3*a - 20 = -4*y. What are the prime factors of a?
2
Let p(o) be the second derivative of 11*o**4/12 + o**3/3 + o**2/2 + 3*o. List the prime factors of p(-1).
2, 5
Let s be (1 - -2)/(-1) - -2. What are the prime factors of (1 + 1 - -2) + s?
3
Let p be 240/9 - (-4)/(-6). Let g = -38 + p. What are the prime factors of (g/15)/(4/(-10))?
2
Suppose 11*l + 1430 - 5247 = 0. List the prime factors of l.
347
Let g(i) be the second derivative of i**5/20 - i**2 - 5*i. List the prime factors of g(3).
5
Let b(h) = 3*h + 5. Let i(m) be the third derivative of m**4/24 + m**3/6 + 2*m**2. Let q(v) = -b(v) + 2*i(v). What are the prime factors of q(-6)?
3
Suppose -d - p = -4*p + 4, 3*p + 6 = 0. Let r = d - -18. List the prime factors of r.
2
Let a(j) = 66*j**2 - 6*j + 2. What are the prime factors of a(2)?
2, 127
Let q = 16 - 27. Let u = 7 + q. Let t(w) = w**2 + 5*w + 6. List the prime factors of t(u).
2
Suppose 0 = 2*s + 5*w - 240, 5*s - w + 3*w - 642 = 0. What are the prime factors of s?
2, 5, 13
Let m(z) = -z + 8. Let w(l) = -l + 5. Let b be 5 + -3 + (1 - -2). Let d(i) = b*m(i) - 7*w(i). List the prime factors of d(6).
17
Let p(n) = -6*n. Let z be p(-1). Let s(o) = o + 12. Let q be s(-12). Suppose q*d - z = -d. What are the prime factors of d?
2, 3
Suppose 0*p = p + 4*j - 235, -5*j + 15 = 0. List the prime factors of p.
223
Suppose -3*v